345 = -4*l + 9*j, 5*j - 4385 = -4*l. List the prime factors of l.
2, 5, 109
Let i = 15 - 7. Suppose -i*k = -6*k + 14. Let o(n) = -n - 2. What are the prime factors of o(k)?
5
Let d(u) = -87*u + 589. What are the prime factors of d(-30)?
7, 457
Suppose -6*l + 4*o = -9*l + 550, 183 = l + o. List the prime factors of l.
2, 7, 13
Let j = -1245 - -2291. What are the prime factors of j?
2, 523
Suppose -3*q + 5 = 2*q - 5*r, -5*q + 45 = 5*r. Suppose -2*f = -3*f + 4, -4*f + 121 = q*c. List the prime factors of c.
3, 7
Let q be (2/4)/(3/486). Suppose -q = -4*m + m - 3*g, -2*m + 53 = g. List the prime factors of m.
2, 13
Let d be 0 + 1 - (-39 - -13). Let l = 62 + d. What are the prime factors of l?
89
Let y be ((50/5)/(-5))/(0 + 1). Suppose -5*d - 2 - 28 = 0. What are the prime factors of (-1 + d)*(y + 0)?
2, 7
Suppose -8*m + x = -10*m + 241, 4*m - 487 = 3*x. What are the prime factors of m?
11
Let l(m) = m**3 - 15*m**2 + 12*m - 20. Let a be l(14). What are the prime factors of (-4380)/a + 2/(-8)?
7, 13
Suppose -5*h - 3*j = -11840, 2361 = h - 690*j + 692*j. What are the prime factors of h?
2371
Let y(c) = -3 + 16*c - 8*c + c**2 - c. What are the prime factors of y(6)?
3, 5
Suppose -5*a = 3*z - 296, 0*a - 5*z = 2*a - 126. Let w = 72 - a. What are the prime factors of w?
2, 7
Let p = -54 + 48. List the prime factors of p/(-21) - 3560/(-35).
2, 3, 17
Suppose 2*v = 3*x + 2954, 3*v + 7374 = 8*v - 2*x. List the prime factors of v.
2, 11, 67
Suppose -12*h - h = -91. Suppose -199 = -h*z + 207. List the prime factors of z.
2, 29
What are the prime factors of (-502)/(-4)*(-670)/(-67)?
5, 251
Let f be -12 - (2 + (-6 - -4)). List the prime factors of f/(-54) + 1058/18.
59
Let l = -1075 - -1730. List the prime factors of l.
5, 131
Let a(j) = 4*j + 32. Let m be a(13). Let x = 7 - 4. Suppose x*u - m = -u. List the prime factors of u.
3, 7
Let f = 254 + -166. Suppose 5*q = -2*z + f, -2*z = -0*z - 5*q - 108. What are the prime factors of z?
7
Suppose -10*i - 3*b = -8*i - 2757, 6830 = 5*i - 5*b. What are the prime factors of i?
3, 457
Let l(p) = 22*p - 28 + 16 - 11. What are the prime factors of l(13)?
263
Suppose 0 = -3*i - 0*i - 117. Let q = i + 74. List the prime factors of q.
5, 7
Suppose 4*v - v = 3*x + 1314, 0 = x + 2. List the prime factors of 8/(-28) + v/7.
2, 31
Suppose 50244 = 29*t + 20664. What are the prime factors of t?
2, 3, 5, 17
Let n = -12 + 17. Suppose 2*b + j = 124 + 1, 3*b + 5*j - 184 = 0. Suppose 0 = -h - n*f + 33, -f + 0*f = -h + b. What are the prime factors of h?
2, 29
Let z(x) = 10*x**2 + 5. Let w = 3 + -5. List the prime factors of z(w).
3, 5
What are the prime factors of 14*(-10)/(-20)*22?
2, 7, 11
Suppose 0 = -5*f + 2*g + 2845, 1167 = 5*f - 3*f + 5*g. What are the prime factors of f?
571
Suppose 18*k - 5641 = 8183. What are the prime factors of k?
2, 3
Let i(q) = -7 + 8 - 8*q - 3*q**2 + 4*q**2. Let z be i(8). What are the prime factors of 2 - z - 5*-2?
11
List the prime factors of (-158)/(-3)*(-25 - (-590)/20).
3, 79
List the prime factors of (11664/(-270))/(-1 - 314/(-320)).
2, 3
Let c(h) = 32*h**2 + 5*h - 7. Let p be c(2). Let k = p + -81. What are the prime factors of k?
2, 5
Let i = 1 + -1. Suppose 5*f + 0*f = -4*w + 148, 4*f + 16 = i. Let y = w - 21. List the prime factors of y.
3, 7
Suppose 2*g = 10, 0 = -3*d - g + 7 + 1. Let i(b) = 50*b**3 + b**2 + b - 1. What are the prime factors of i(d)?
3, 17
Let v be 4221/2 + -7 + (-34)/(-4). Suppose -2*z - v = -14*z. List the prime factors of z.
2, 11
Suppose -36*m = -7449 - 327. List the prime factors of m.
2, 3
Let m be ((-2)/4)/((-2)/(-32)). Let q = m + 12. Suppose 2*k + 2*w = -3*k + q, k + 1 = -w. List the prime factors of k.
2
Let n be -3*(-25)/9*3. What are the prime factors of ((-610)/n)/(6/(-15))?
61
Let w(f) = f**2 + 2*f - 13. Let l be w(-4). Let p(b) = 10*b**2 + 3*b. List the prime factors of p(l).
5, 47
Let b = 115 + -185. List the prime factors of b*9/(-4)*(-64)/(-120).
2, 3, 7
Suppose -4*c + 64 + 0 = 0. Suppose -c*d + 12*d + 408 = 0. What are the prime factors of d?
2, 3, 17
Let q(k) = 2*k**2 - 6*k - 24. Let w(g) = -2*g**3 - 2*g**2 - 1. Let n be w(-2). What are the prime factors of q(n)?
2
Let i(t) = 18 + 6*t**2 - 14*t - 7*t + 13*t - 3*t**2. What are the prime factors of i(6)?
2, 3, 13
Let p(v) = v**3 - 19*v + 17. List the prime factors of p(8).
13, 29
Let a be -1 + 2/((-6)/(-15)). Suppose -4*z + 6*z = 4*o + 146, -a*o + 5*z - 143 = 0. List the prime factors of (-1 - o) + 0 + 1.
37
Suppose 2*y = -2*d + 104, -2*y = -0*d + 4*d - 108. List the prime factors of 3 + 1 + y/1.
2, 3
Suppose -4*r = 6*q - q + 323, -415 = 5*r + 4*q. Let s = r - -122. What are the prime factors of ((-20)/(-14))/(5/s)?
2, 5
Let s be (20/(-3))/10 - (-83)/3. List the prime factors of (s/4)/((4/2)/16).
2, 3
Let f = 864 + -542. What are the prime factors of f?
2, 7, 23
Let u = 10 + -5. Suppose 0*n - 2*n - u*t + 23 = 0, 3*n - 42 = -5*t. Suppose 4*z - 49 = n. What are the prime factors of z?
17
Suppose 3*b + 12 = 5*b. Let f be (-2 - -1)*(b + -8). Suppose -f*w + 1 = 3*t - 10, 0 = 5*w + 10. What are the prime factors of t?
5
Suppose m - 5*g + 25 - 5 = 0, -4*m + 5*g - 20 = 0. Suppose j - 4*j = m. Let b(y) = y**2 + y + 10. List the prime factors of b(j).
2, 5
Let v = 25 - -74. Let f = v + -50. What are the prime factors of 4/(-14) - (-1484)/f?
2, 3, 5
Let q = -7 - -10. Suppose 4*o = -12, -2*o + 2 = -2*v + 8. Suppose -4*m = q*u - 66, 5*m - 3*u - 62 - 34 = v. What are the prime factors of m?
2, 3
Let o = 84 - 134. Let w = -79 - o. Let n = w - -51. What are the prime factors of n?
2, 11
Let a(s) = 2*s**2 + 7*s + 5. Let r be a(-4). Let z = 128 + r. What are the prime factors of z?
137
Let j(f) = -6*f - 6*f**3 + 9*f**2 + 15*f**3 - 7*f**3 - 2. What are the prime factors of j(3)?
5, 23
Let s = -28 - -30. Suppose -3*a + s = -2*a. Suppose 0*k + 130 = a*k - 2*b, 3*k = -3*b + 207. List the prime factors of k.
67
Let x = -19 + 26. Let b be (-162)/(-6)*4/6. List the prime factors of (b/(-10))/(x/(-35)).
3
Suppose 0 = 5*r - 4*f - 30, -3*r - 7*f - 14 = -3*f. What are the prime factors of (-3 - 119)*-1 + r?
2, 31
Let x(z) = -71*z + 46*z - 20 + 52*z. What are the prime factors of x(5)?
5, 23
Let i = 52 + 168. Suppose i + 218 = 3*q. What are the prime factors of q?
2, 73
Let q be (-30)/(-75) + (-93)/(-5). Let i = -5 - -13. What are the prime factors of q/152 + 119/i?
3, 5
Let x(a) = -a**3 - 18*a**2 - 4*a - 14. Suppose -22*o = -21*o + 18. List the prime factors of x(o).
2, 29
Let o(z) = -127*z + 1133. What are the prime factors of o(-22)?
3, 7, 11, 17
Let m = 10 + -16. What are the prime factors of (-1193)/m - ((-14)/12 + 1)?
199
Suppose 5*m + 5*f + 10 = 0, 2*m = -3*f - 0 - 6. Let o be 33*-1*(1 - m). What are the prime factors of (4/6)/((-1)/o)?
2, 11
Let x(f) be the first derivative of f**3/3 - 3*f**2 - 10*f - 3. Let k be x(8). Suppose k*v - 3*v = 9. List the prime factors of v.
3
Let h be (12/(-14))/((-4)/308). Suppose 0 = 5*a - 299 - h. What are the prime factors of a?
73
Let h be 8 + -8 + 0 + 0. Let t be (2 + (h - -3))*-11. Let v = t - -95. What are the prime factors of v?
2, 5
Let v be (9 - 2)/((-1)/(-192)*1). Suppose -v = -13*o - 304. What are the prime factors of o?
2, 5
Suppose -256*j - 25900 = -276*j. List the prime factors of j.
5, 7, 37
Let l(t) = 2*t**2 + 48*t + 244. List the prime factors of l(-50).
2, 3, 79
Let i = -2708 + 3867. List the prime factors of i.
19, 61
Let i(g) = 17*g**2 + 7. Let z be i(5). Suppose 2*m - 81 = 5*b - z, -4*m = -8. What are the prime factors of b?
71
Suppose 0 = 5*l - a + 2*a - 26, -3 = -3*a. Suppose 25 = g + 4*z - 65, l*g - 354 = 4*z. List the prime factors of g.
2, 37
Let s(r) = -2*r - 12. Let d(n) = n**3 - 2*n**2 + n - 2. Let l be d(2). Suppose -3*y + 4*o - 27 = 2*o, -o - 3 = l. What are the prime factors of s(y)?
2, 5
List the prime factors of 526 - -3*3/(-4 - -7).
23
Suppose -t + j - 11 = 347, 4*t + j = -1427. Let f be (2/(-6))/((-7)/t). Let v = f - -19. List the prime factors of v.
2
Let f = 10037 + -5630. List the prime factors of f.
3, 13, 113
Let r(w) = -w - 4. Let c be r(-10). Suppose 4*t - c*a = -4*a + 384, t = 5*a + 105. List the prime factors of t.
5, 19
Suppose 0*t + 1024 = 2*u + t, 0 = u - 5*t - 512. What are the prime factors of u?
2
Let x(i) = 32*i - 91. Let w(h) = -11*h + 30. Let s(